s + 2*w - 106. List the prime factors of s.
2, 3
Suppose 3*y = -2 - 1, 0 = 4*z - 5*y - 69. Suppose -c - 4 = -4*k, 2*c + 2*k = -c + z. Suppose -2*b - c = -4*b. What are the prime factors of b?
2
Let u(t) = -3*t + 1. Let r be (2/(-2) - 2) + 5. Let q be 46/(-14) - r/(-7). List the prime factors of u(q).
2, 5
List the prime factors of 6/(-1)*52/(-8).
3, 13
Suppose q = i + 44, -2*q + 94 = i - 0*i. Suppose -5*v = q + 14. Let h = v - -23. List the prime factors of h.
11
Let k = 311 - 102. List the prime factors of k.
11, 19
Let r be (-7)/(-3) + 2/(-6). Let n = r + 20. What are the prime factors of n?
2, 11
Let d = -11 - -47. List the prime factors of d.
2, 3
List the prime factors of (-136)/12*6/(-1).
2, 17
Suppose -2*v + v = -2. Suppose -v*c + 2 = -2. What are the prime factors of c?
2
Let h = -6 + 12. Let u be (h/7)/((-5)/(-35)). Suppose -3*s = -0*s - u. List the prime factors of s.
2
Let k be (1 + -1)*1/(-2). What are the prime factors of (17 - 0) + 0 + k?
17
Let d = 0 + 3. Suppose 37 = d*u - 23. Suppose 0 = 4*l + 5*c - 19 - 15, u = 4*l - 2*c. What are the prime factors of l?
2, 3
Suppose -63 = -6*f + 3*f. Let d = -12 + f. List the prime factors of d.
3
Let n be (4 - 4) + -1 + 11. Suppose 2 = m, -m - 2*m - n = 4*c. Let k(i) = i**2 + 2*i + 2. List the prime factors of k(c).
2, 5
Let h = -10 + 12. Let r(u) = 2 + 2*u + 2*u - u**3 - h*u**2 - 3*u. What are the prime factors of r(-3)?
2
Let y(p) = -p**2 - p + 7. Suppose c - 3*c = z + 1, -c + z = -1. What are the prime factors of y(c)?
7
Let f(d) = -d**3 + 6*d**2 + 18*d + 3. What are the prime factors of f(8)?
19
Let y(h) = -h**2 + 3*h. Let z be y(3). Suppose -3*r = -3*j + 21, -3*r + z*r - 39 = -5*j. What are the prime factors of j?
3
What are the prime factors of 1 + 4 + 352 + -2 + 5?
2, 3, 5
Suppose 78 = 2*y - 4*q, q - 167 = -5*y - 3*q. Suppose 5*r + 26 + 59 = 0. Let m = r + y. What are the prime factors of m?
2, 3
Let c be (-2)/4 - (-62)/4. Suppose 2*f + 3*f - c = 0. Suppose f*s = 10 + 8. What are the prime factors of s?
2, 3
Let h(a) = 3*a**2 + 8*a + 4. Let p(m) = -5*m**2 - 15*m - 7. Let z(d) = 7*h(d) + 4*p(d). List the prime factors of z(5).
5
What are the prime factors of (3 - (-7 + 6))/(2/116)?
2, 29
What are the prime factors of 11/(-2)*(4 - 8 - 18)?
11
List the prime factors of 18/24 - (-165)/4.
2, 3, 7
Let r(x) = x**2. Let b be r(-2). Let q(n) = 1 + 1 - n**2 + 4*n**2 - b*n. What are the prime factors of q(2)?
2, 3
Let z = 137 + -89. Suppose 4*c + 2*m = z, 2*m - 71 = -5*c + 5*m. What are the prime factors of c?
13
Let t = 73 - -2. Suppose 6*a = 9*a - t. List the prime factors of a.
5
Suppose 0 = z - 5*d - 275, 0*z = 3*z - d - 797. List the prime factors of z.
5, 53
Let j be -3 - (-3 - 32)*2. Suppose -5*y + 2*i = -j - 29, -4*y + i + 78 = 0. What are the prime factors of y?
2, 5
Let k(y) be the first derivative of y**3 - y**2 - 3*y - 1. List the prime factors of k(-2).
13
Suppose -5*h + 2*y = -910, -155 = -h - y - 4*y. What are the prime factors of h?
2, 3, 5
Suppose -2*r + 15 = t - 11, -t + 38 = -2*r. What are the prime factors of t?
2
Let m be ((-1)/(-2))/((-6)/(-96)). Let d(p) = 3*p + 3*p - m + 2*p**2 + p**3 + 7*p**2. What are the prime factors of d(-8)?
2
Suppose -3*c + 28 = c. What are the prime factors of c?
7
Suppose -5*d + 171 = -34. List the prime factors of d.
41
Let t(s) = -s**2 + 20*s + 4. List the prime factors of t(18).
2, 5
What are the prime factors of (-770)/(-6) - (20/15 - 2)?
3, 43
Suppose -5*w - 6*t = -2*t - 157, -107 = -3*w + 4*t. What are the prime factors of w?
3, 11
Let x(q) = -4*q - 22. Let y be x(-9). Let b = y + 6. List the prime factors of b.
2, 5
Let q(j) = 15*j**2 - 6. List the prime factors of q(-2).
2, 3
Let o be 1/(27/15 - 2). Let u = o + 9. What are the prime factors of u?
2
Let i = -9 + 14. Suppose -i*h = -0*h - 20. What are the prime factors of h?
2
Let g(n) = n**2 - 6*n + 2. Let u be g(5). What are the prime factors of (-1)/(u/(-6)) - -28?
2, 13
Suppose -22 = -5*o + d, 0*d - d + 10 = 3*o. Suppose 7 = 3*h + m - 13, -h = -5*m + o. List the prime factors of h.
2, 3
Suppose 0 = 3*y + 77 - 296. List the prime factors of y.
73
Let f be 1/(-7) - (-116)/28. Let w(j) = 8*j + j - j**2 - 2 - 3*j. What are the prime factors of w(f)?
2, 3
Let f(x) = -x**3 + 6*x**2 - 3*x + 5. List the prime factors of f(4).
5
Suppose 4*a - 160 = -3*y, y + 3*a - 64 = -a. What are the prime factors of y?
2, 3
Suppose -5*f + 26 = -k + 75, k - 3*f = 47. What are the prime factors of k?
2, 11
Let g be 6/(-33) + 211/11. List the prime factors of g + (3 - (-10)/(-2)).
17
Let c(s) = -2*s + 14. Let h(g) = -g. Let w(p) = c(p) - 3*h(p). Let x be (-2)/(-10) - 82/10. What are the prime factors of w(x)?
2, 3
Let a(h) = 2*h - 8. Let l be a(6). Suppose 0*c = l*c - 5*p - 43, 2*p - 8 = -2*c. What are the prime factors of c?
7
Suppose 0 = -4*p - 12, -2*n - p + 44 = 3*p. List the prime factors of n.
2, 7
List the prime factors of 1068/24*(-1 - -7).
3, 89
Suppose -10 = -2*b + 364. List the prime factors of b.
11, 17
Suppose 4*c + c - 245 = 0. What are the prime factors of c?
7
Let c(a) = -a**3 + 5*a**2 - 2*a - 4. Suppose u + 22 = -u. Let h = -7 - u. What are the prime factors of c(h)?
2
Suppose 0 = -0*q - 5*q + 15. Suppose 8 = -q*x + x. Let p = x + 20. List the prime factors of p.
2
Let o be 10/((-2)/(-1) - 0). Suppose -21 - 24 = -o*g. What are the prime factors of g?
3
Suppose 2*x - 6 + 0 = 0. Suppose f + 6 = x*k, -7*f - 4*k + 65 = -2*f. What are the prime factors of f?
3
Let z be 0*2/(-8)*2. Suppose z = 5*j + 19 - 49. What are the prime factors of j?
2, 3
Suppose 5*w - 20 = 0, 5*o + 3*w - 1405 = 8*w. List the prime factors of o.
3, 5, 19
Let o(n) = n**3 + 5*n**2 + n + 6. Let m be o(-5). Let i(t) = -t**3 - 25*t**2 - 23*t + 34. Let x be i(-24). Let p = x + m. List the prime factors of p.
11
Let u(q) = -q**3 - 10*q**2 - 8*q + 13. Let l be u(-9). Suppose z + 4 = -4*a, -l*a - 12 = -0*a. List the prime factors of z.
2
What are the prime factors of (18 - -3)/3*5?
5, 7
Let f(w) = -w**3 - 6*w**2 + 2. Let q be f(-6). Let c = q + -1. List the prime factors of 4/(c - (-2)/(-6)).
2, 3
Suppose -122 = 6*z - 8*z. What are the prime factors of z?
61
Let a(o) = 10*o**2 - 10*o + 8. What are the prime factors of a(-6)?
2, 107
Let p = -5 + 9. Let y be (6/9)/(p/(-6)). What are the prime factors of (1 + 4)/(y/(-2))?
2, 5
Suppose -3*f + f = 0, 2*o + 2*f = 0. Let y be (-2)/(-4)*(0 + o). Suppose -4*h - 3*z + 25 = y, 3*h + 2*z - 12 = h. List the prime factors of h.
7
Suppose 0 = -4*v + 2*a + 4 + 4, -3*v = -a - 6. Suppose g - 14 = v*p, 3*g + 0*p = -4*p + 82. Let h = -10 + g. List the prime factors of h.
2, 3
Let a = 5 - 1. Suppose 5*z + a = 4*r, -3*r = -3*z + 4 - 10. Let t(m) = m**2 - 5*m - 2. List the prime factors of t(r).
2
Let j = 0 - 0. Suppose -2*m - 6 = -3*m. Let s = j + m. What are the prime factors of s?
2, 3
Let c(b) be the third derivative of -b**5/60 - 2*b**4/3 + 7*b**3/6 + 3*b**2. What are the prime factors of c(-14)?
5, 7
Let b = 16 + -7. Let q(l) = -l**3 + 10*l**2 - 10*l + 13. Let j be q(b). Suppose -35 = -9*w + j*w. List the prime factors of w.
7
Let w be ((-2)/4)/1*0. Let o(h) = -4*h**3 - h**2 - h - 1. Let d be o(-1). Suppose d*c - 14 - 13 = w. What are the prime factors of c?
3
Let u = -87 + 248. What are the prime factors of u?
7, 23
Let h be ((-18)/8)/((-5)/20). What are the prime factors of (-6)/h - (-136)/6?
2, 11
Suppose 0 = -6*u + 3*u - 18. Let n(h) = h**3 + 8*h**2 + 9*h + 4. What are the prime factors of n(u)?
2, 11
Let q(g) = g**3 + 3*g**2 - 5*g + 3. Suppose -8 = 3*b + 7, 3*z + 3*b = 0. Let p = 1 - z. List the prime factors of q(p).
7
Let p = 1 - 3. Let k(g) = -g. Let w be k(p). Let r(q) = 2*q**3 - 3*q**2 + 2. List the prime factors of r(w).
2, 3
Let p(q) = -q**3 + 3*q**2 - q + 2. What are the prime factors of p(-4)?
2, 59
Let l be ((-6)/4)/((-3)/4). What are the prime factors of (3/6)/(l/92)?
23
Let c(b) = -b**2 - 2. Let g be c(0). Let h(v) = 2*v**2 + v - 2. Let z be h(-3). Let u = g + z. List the prime factors of u.
11
Let w(g) = g**3 + 21*g**2 + 4*g + 55. List the prime factors of w(-20).
3, 5
Let c = -25 - -28. Suppose -c*n = 2*p - 70, 3*p + 0*p - 5*n - 86 = 0. What are the prime factors of p?
2
Let c(h) = 7*h**2 - 3*h + 1 + h + 0. What are the prime factors of c(1)?
2, 3
Suppose c + 6 = 3*c. Suppose -o